{"id":332,"date":"2025-03-23T22:38:09","date_gmt":"2025-03-23T22:38:09","guid":{"rendered":"http:\/\/magickalligino.com\/?page_id=332"},"modified":"2026-03-16T20:56:15","modified_gmt":"2026-03-16T20:56:15","slug":"benthe","status":"publish","type":"page","link":"https:\/\/magickalligino.com\/?page_id=332","title":{"rendered":"Magic Kalligino A Charming Secret (Benthe)"},"content":{"rendered":"\n<p class=\"has-small-font-size\">Unsere Benthe&#8230; immer fr\u00f6hlich, wachsam und v\u00f6llig verr\u00fcckt nach Wasser.<br>Wo Wasser ist, ist Benthe auch \u2013 und am liebsten direkt darin, egal ob im Schwimmbecken, im Trinknapf der Schafe oder in einer matschigen Pf\u00fctze. Es macht ihr nichts aus!<\/p>\n\n\n\n<p class=\"has-small-font-size\">Ein sanftes, anh\u00e4ngliches H\u00fcndchen &nbsp;mit einem wundersch\u00f6nen Fell, einfach zum Verlieben!<br><br>\ud83c\udf38 <strong>Magic Kalligino A Charming Secret <\/strong> (Benthe)<br>Geboren 04.01.2025<br>Rich Love Dit Ryce De La Terre D&#8217;Opale x SO X-CLUSIVE Xilander<br><br><a href=\"https:\/\/cockerspanieldatabase.info\/en\/Magic-Kalligino-A-Charming-Secret\/pedigree\/304634\/i\">Ahnentafel\/Pedigree<\/a><\/p>\n\n\n\n<figure class=\"wp-block-image is-resized\"><img loading=\"lazy\" decoding=\"async\" width=\"1179\" height=\"1758\" src=\"https:\/\/magickalligino.com\/wp-content\/uploads\/2026\/03\/IMG_9987.jpg\" alt=\"\" class=\"wp-image-505\" style=\"aspect-ratio:0.6706489164339157;width:290px;height:auto\" srcset=\"https:\/\/magickalligino.com\/wp-content\/uploads\/2026\/03\/IMG_9987.jpg 1179w, https:\/\/magickalligino.com\/wp-content\/uploads\/2026\/03\/IMG_9987-201x300.jpg 201w, https:\/\/magickalligino.com\/wp-content\/uploads\/2026\/03\/IMG_9987-687x1024.jpg 687w, https:\/\/magickalligino.com\/wp-content\/uploads\/2026\/03\/IMG_9987-768x1145.jpg 768w, https:\/\/magickalligino.com\/wp-content\/uploads\/2026\/03\/IMG_9987-1030x1536.jpg 1030w\" sizes=\"auto, (max-width: 1179px) 100vw, 1179px\" \/><\/figure>\n\n\n\n<p class=\"has-small-font-size\"><br><strong>Gesundheidsuntersuchungen:<\/strong><br>HD-B<br>Xanthinuria. : Clear<br>PFK. : Clear<br>SOD1. : Clear<br>FN : Clear<br>GPRA : Clear<br>AON : Clear b.p.<br>BSS : Clear<br>AMS : Clear<br>ECVO Augenuntersuchung: 5.1.2026<br><br><strong>Ausstellungen:<\/strong><br><br><strong>Spaniel Club Deutschland Show, Munk, Deutschland<\/strong><br>Puppyklasse<br>3. platz &#8211; Vielversprechend<\/p>\n\n\n\n<figure class=\"wp-block-image size-large is-resized\"><img loading=\"lazy\" decoding=\"async\" width=\"768\" height=\"1024\" src=\"https:\/\/magickalligino.com\/wp-content\/uploads\/2025\/10\/IMG_7771-768x1024.jpeg\" alt=\"\" class=\"wp-image-408\" style=\"width:220px;height:auto\" srcset=\"https:\/\/magickalligino.com\/wp-content\/uploads\/2025\/10\/IMG_7771-768x1024.jpeg 768w, https:\/\/magickalligino.com\/wp-content\/uploads\/2025\/10\/IMG_7771-225x300.jpeg 225w, https:\/\/magickalligino.com\/wp-content\/uploads\/2025\/10\/IMG_7771-1152x1536.jpeg 1152w, https:\/\/magickalligino.com\/wp-content\/uploads\/2025\/10\/IMG_7771-1536x2048.jpeg 1536w, https:\/\/magickalligino.com\/wp-content\/uploads\/2025\/10\/IMG_7771-1200x1600.jpeg 1200w, https:\/\/magickalligino.com\/wp-content\/uploads\/2025\/10\/IMG_7771-scaled.jpeg 1920w\" sizes=\"auto, (max-width: 768px) 100vw, 768px\" \/><\/figure>\n\n\n\n<figure class=\"wp-block-image size-large is-resized\"><img loading=\"lazy\" decoding=\"async\" width=\"1024\" height=\"973\" src=\"https:\/\/magickalligino.com\/wp-content\/uploads\/2025\/10\/F7F4F07E-247B-49CC-9EBE-987C32CBB1C2-1024x973.jpeg\" alt=\"\" class=\"wp-image-432\" style=\"width:234px;height:auto\" srcset=\"https:\/\/magickalligino.com\/wp-content\/uploads\/2025\/10\/F7F4F07E-247B-49CC-9EBE-987C32CBB1C2-1024x973.jpeg 1024w, https:\/\/magickalligino.com\/wp-content\/uploads\/2025\/10\/F7F4F07E-247B-49CC-9EBE-987C32CBB1C2-300x285.jpeg 300w, https:\/\/magickalligino.com\/wp-content\/uploads\/2025\/10\/F7F4F07E-247B-49CC-9EBE-987C32CBB1C2-768x730.jpeg 768w, https:\/\/magickalligino.com\/wp-content\/uploads\/2025\/10\/F7F4F07E-247B-49CC-9EBE-987C32CBB1C2-1536x1460.jpeg 1536w, https:\/\/magickalligino.com\/wp-content\/uploads\/2025\/10\/F7F4F07E-247B-49CC-9EBE-987C32CBB1C2-1200x1140.jpeg 1200w, https:\/\/magickalligino.com\/wp-content\/uploads\/2025\/10\/F7F4F07E-247B-49CC-9EBE-987C32CBB1C2.jpeg 2048w\" sizes=\"auto, (max-width: 1024px) 100vw, 1024px\" \/><\/figure>\n\n\n\n<p class=\"has-small-font-size\"><br><strong>HRV Halloween Show, Genk, Belgien<\/strong><br>Puppyklasse<br>1. platz &#8211; Vielversprechend<\/p>\n\n\n\n<figure class=\"wp-block-image size-large is-resized\"><img loading=\"lazy\" decoding=\"async\" width=\"1024\" height=\"868\" src=\"https:\/\/magickalligino.com\/wp-content\/uploads\/2025\/10\/A805590A-1DDF-4DDA-8142-F0D1F78AA028-3-1024x868.jpeg\" alt=\"\" class=\"wp-image-417\" style=\"width:323px;height:auto\" srcset=\"https:\/\/magickalligino.com\/wp-content\/uploads\/2025\/10\/A805590A-1DDF-4DDA-8142-F0D1F78AA028-3-1024x868.jpeg 1024w, https:\/\/magickalligino.com\/wp-content\/uploads\/2025\/10\/A805590A-1DDF-4DDA-8142-F0D1F78AA028-3-300x254.jpeg 300w, https:\/\/magickalligino.com\/wp-content\/uploads\/2025\/10\/A805590A-1DDF-4DDA-8142-F0D1F78AA028-3-768x651.jpeg 768w, https:\/\/magickalligino.com\/wp-content\/uploads\/2025\/10\/A805590A-1DDF-4DDA-8142-F0D1F78AA028-3-1536x1302.jpeg 1536w, https:\/\/magickalligino.com\/wp-content\/uploads\/2025\/10\/A805590A-1DDF-4DDA-8142-F0D1F78AA028-3-2048x1736.jpeg 2048w, https:\/\/magickalligino.com\/wp-content\/uploads\/2025\/10\/A805590A-1DDF-4DDA-8142-F0D1F78AA028-3-1200x1017.jpeg 1200w\" sizes=\"auto, (max-width: 1024px) 100vw, 1024px\" \/><\/figure>\n\n\n\n<figure class=\"wp-block-image size-large is-resized\"><img loading=\"lazy\" decoding=\"async\" width=\"717\" height=\"1024\" src=\"https:\/\/magickalligino.com\/wp-content\/uploads\/2025\/10\/IMG_2F4F657C7B24-1-717x1024.jpeg\" alt=\"\" class=\"wp-image-431\" style=\"width:230px;height:auto\" srcset=\"https:\/\/magickalligino.com\/wp-content\/uploads\/2025\/10\/IMG_2F4F657C7B24-1-717x1024.jpeg 717w, https:\/\/magickalligino.com\/wp-content\/uploads\/2025\/10\/IMG_2F4F657C7B24-1-210x300.jpeg 210w, https:\/\/magickalligino.com\/wp-content\/uploads\/2025\/10\/IMG_2F4F657C7B24-1-768x1097.jpeg 768w, https:\/\/magickalligino.com\/wp-content\/uploads\/2025\/10\/IMG_2F4F657C7B24-1-1075x1536.jpeg 1075w, https:\/\/magickalligino.com\/wp-content\/uploads\/2025\/10\/IMG_2F4F657C7B24-1.jpeg 1101w\" sizes=\"auto, (max-width: 717px) 100vw, 717px\" \/><\/figure>\n\n\n\n<figure class=\"wp-block-image size-large is-resized\"><img loading=\"lazy\" decoding=\"async\" width=\"683\" height=\"1024\" src=\"https:\/\/magickalligino.com\/wp-content\/uploads\/2025\/10\/370b0a47-f986-4dfb-a329-fd0712881f3b-683x1024.jpeg\" alt=\"\" class=\"wp-image-412\" style=\"width:233px;height:auto\" srcset=\"https:\/\/magickalligino.com\/wp-content\/uploads\/2025\/10\/370b0a47-f986-4dfb-a329-fd0712881f3b-683x1024.jpeg 683w, https:\/\/magickalligino.com\/wp-content\/uploads\/2025\/10\/370b0a47-f986-4dfb-a329-fd0712881f3b-200x300.jpeg 200w, https:\/\/magickalligino.com\/wp-content\/uploads\/2025\/10\/370b0a47-f986-4dfb-a329-fd0712881f3b-768x1151.jpeg 768w, https:\/\/magickalligino.com\/wp-content\/uploads\/2025\/10\/370b0a47-f986-4dfb-a329-fd0712881f3b-1025x1536.jpeg 1025w, https:\/\/magickalligino.com\/wp-content\/uploads\/2025\/10\/370b0a47-f986-4dfb-a329-fd0712881f3b-1200x1799.jpeg 1200w, https:\/\/magickalligino.com\/wp-content\/uploads\/2025\/10\/370b0a47-f986-4dfb-a329-fd0712881f3b.jpeg 1366w\" sizes=\"auto, (max-width: 683px) 100vw, 683px\" \/><\/figure>\n\n\n\n<p class=\"has-small-font-size\"><br><br><strong>Internationale Dogshow Maastricht, Niederlande<\/strong><br>Puppyklasse<br>1. platz &#8211; Vielversprechend<\/p>\n\n\n\n<figure class=\"wp-block-image size-large is-resized\"><img loading=\"lazy\" decoding=\"async\" width=\"1024\" height=\"768\" src=\"https:\/\/magickalligino.com\/wp-content\/uploads\/2025\/10\/IMG_7694-1024x768.jpeg\" alt=\"\" class=\"wp-image-409\" style=\"width:315px;height:auto\" srcset=\"https:\/\/magickalligino.com\/wp-content\/uploads\/2025\/10\/IMG_7694-1024x768.jpeg 1024w, https:\/\/magickalligino.com\/wp-content\/uploads\/2025\/10\/IMG_7694-300x225.jpeg 300w, https:\/\/magickalligino.com\/wp-content\/uploads\/2025\/10\/IMG_7694-768x576.jpeg 768w, https:\/\/magickalligino.com\/wp-content\/uploads\/2025\/10\/IMG_7694-1536x1152.jpeg 1536w, https:\/\/magickalligino.com\/wp-content\/uploads\/2025\/10\/IMG_7694-2048x1536.jpeg 2048w, https:\/\/magickalligino.com\/wp-content\/uploads\/2025\/10\/IMG_7694-1200x900.jpeg 1200w\" sizes=\"auto, (max-width: 1024px) 100vw, 1024px\" \/><\/figure>\n\n\n\n<p class=\"has-small-font-size\"><figure class=\"wp-block-image size-large is-resized\" style=\"white-space: normal;\"><img loading=\"lazy\" decoding=\"async\" width=\"314\" height=\"455\" class=\"wp-image-427\" style=\"width: 314px;\" src=\"https:\/\/magickalligino.com\/wp-content\/uploads\/2025\/10\/IMG_7944-707x1024.jpeg\" alt=\"\" srcset=\"https:\/\/magickalligino.com\/wp-content\/uploads\/2025\/10\/IMG_7944-707x1024.jpeg 707w, https:\/\/magickalligino.com\/wp-content\/uploads\/2025\/10\/IMG_7944-207x300.jpeg 207w, https:\/\/magickalligino.com\/wp-content\/uploads\/2025\/10\/IMG_7944-768x1112.jpeg 768w, https:\/\/magickalligino.com\/wp-content\/uploads\/2025\/10\/IMG_7944-1060x1536.jpeg 1060w, https:\/\/magickalligino.com\/wp-content\/uploads\/2025\/10\/IMG_7944.jpeg 1088w\" sizes=\"auto, (max-width: 314px) 100vw, 314px\" \/><\/figure><strong>Walloni\u00eb Dogshow Mons, Belgien<\/strong><br>Jugendklasse<br>1. platz &#8211; Vorz\u00fcglich<br><\/p>\n\n\n\n<h2 class=\"wp-block-heading has-small-font-size\">Wallonia Winner Junior 2025<\/h2>\n\n\n\n<figure class=\"wp-block-image size-large is-resized\"><img loading=\"lazy\" decoding=\"async\" width=\"600\" height=\"1024\" src=\"https:\/\/magickalligino.com\/wp-content\/uploads\/2025\/10\/Photoroom_20251005_180536-600x1024.jpeg\" alt=\"\" class=\"wp-image-411\" style=\"width:197px;height:auto\" srcset=\"https:\/\/magickalligino.com\/wp-content\/uploads\/2025\/10\/Photoroom_20251005_180536-600x1024.jpeg 600w, https:\/\/magickalligino.com\/wp-content\/uploads\/2025\/10\/Photoroom_20251005_180536-176x300.jpeg 176w, https:\/\/magickalligino.com\/wp-content\/uploads\/2025\/10\/Photoroom_20251005_180536-768x1311.jpeg 768w, https:\/\/magickalligino.com\/wp-content\/uploads\/2025\/10\/Photoroom_20251005_180536-900x1536.jpeg 900w, https:\/\/magickalligino.com\/wp-content\/uploads\/2025\/10\/Photoroom_20251005_180536-1200x2048.jpeg 1200w, https:\/\/magickalligino.com\/wp-content\/uploads\/2025\/10\/Photoroom_20251005_180536.jpeg 1406w\" sizes=\"auto, (max-width: 600px) 100vw, 600px\" \/><\/figure>\n\n\n\n<figure class=\"wp-block-image size-large is-resized\"><img loading=\"lazy\" decoding=\"async\" width=\"716\" height=\"1024\" src=\"https:\/\/magickalligino.com\/wp-content\/uploads\/2025\/10\/IMG_8044-716x1024.jpg\" alt=\"\" class=\"wp-image-430\" style=\"width:202px;height:auto\" srcset=\"https:\/\/magickalligino.com\/wp-content\/uploads\/2025\/10\/IMG_8044-716x1024.jpg 716w, https:\/\/magickalligino.com\/wp-content\/uploads\/2025\/10\/IMG_8044-210x300.jpg 210w, https:\/\/magickalligino.com\/wp-content\/uploads\/2025\/10\/IMG_8044-768x1099.jpg 768w, https:\/\/magickalligino.com\/wp-content\/uploads\/2025\/10\/IMG_8044-1074x1536.jpg 1074w, https:\/\/magickalligino.com\/wp-content\/uploads\/2025\/10\/IMG_8044.jpg 1149w\" sizes=\"auto, (max-width: 716px) 100vw, 716px\" \/><\/figure>\n\n\n\n<p class=\"has-small-font-size\"><strong>Das ersten Trimmen:<\/strong><br><br>Benthe ist inzwischen fast 8 Monate alt und wurde gestern zum ersten Mal getrimmt. Ihr gesamter R\u00fccken ist nun von ihrem Welpenfell befreit, und es ging erstaunlich leicht heraus. Ich bin sehr froh, dass ich es bis jetzt in Ruhe gelassen habe. Ich bin positiv \u00fcberrascht, was unter all dem Welpenflaum zum Vorschein gekommen ist.<br><br>Vorher:<\/p>\n\n\n\n<figure class=\"wp-block-image size-large is-resized\"><img loading=\"lazy\" decoding=\"async\" width=\"1024\" height=\"768\" src=\"https:\/\/magickalligino.com\/wp-content\/uploads\/2025\/10\/IMG_7176-1024x768.jpeg\" alt=\"\" class=\"wp-image-413\" style=\"width:364px;height:auto\" srcset=\"https:\/\/magickalligino.com\/wp-content\/uploads\/2025\/10\/IMG_7176-1024x768.jpeg 1024w, https:\/\/magickalligino.com\/wp-content\/uploads\/2025\/10\/IMG_7176-300x225.jpeg 300w, https:\/\/magickalligino.com\/wp-content\/uploads\/2025\/10\/IMG_7176-768x576.jpeg 768w, https:\/\/magickalligino.com\/wp-content\/uploads\/2025\/10\/IMG_7176-1536x1152.jpeg 1536w, https:\/\/magickalligino.com\/wp-content\/uploads\/2025\/10\/IMG_7176-2048x1536.jpeg 2048w, https:\/\/magickalligino.com\/wp-content\/uploads\/2025\/10\/IMG_7176-1200x900.jpeg 1200w\" sizes=\"auto, (max-width: 1024px) 100vw, 1024px\" \/><\/figure>\n\n\n\n<p class=\"has-small-font-size\"><br>Nachher:<\/p>\n\n\n\n<figure class=\"wp-block-image size-large is-resized\"><img loading=\"lazy\" decoding=\"async\" width=\"1024\" height=\"768\" src=\"https:\/\/magickalligino.com\/wp-content\/uploads\/2025\/10\/IMG_7489-1024x768.jpeg\" alt=\"\" class=\"wp-image-419\" style=\"width:380px;height:auto\" srcset=\"https:\/\/magickalligino.com\/wp-content\/uploads\/2025\/10\/IMG_7489-1024x768.jpeg 1024w, https:\/\/magickalligino.com\/wp-content\/uploads\/2025\/10\/IMG_7489-300x225.jpeg 300w, https:\/\/magickalligino.com\/wp-content\/uploads\/2025\/10\/IMG_7489-768x576.jpeg 768w, https:\/\/magickalligino.com\/wp-content\/uploads\/2025\/10\/IMG_7489-1536x1152.jpeg 1536w, https:\/\/magickalligino.com\/wp-content\/uploads\/2025\/10\/IMG_7489-2048x1536.jpeg 2048w, https:\/\/magickalligino.com\/wp-content\/uploads\/2025\/10\/IMG_7489-1200x900.jpeg 1200w\" sizes=\"auto, (max-width: 1024px) 100vw, 1024px\" \/><\/figure>\n\n\n\n<p class=\"has-small-font-size\"><br><br><br><\/p>\n","protected":false},"excerpt":{"rendered":"<p>Unsere Benthe&#8230; immer fr\u00f6hlich, wachsam und v\u00f6llig verr\u00fcckt nach Wasser.Wo Wasser ist, ist Benthe auch \u2013 und am liebsten direkt darin, egal ob im Schwimmbecken, im Trinknapf der Schafe oder in einer matschigen Pf\u00fctze. Es macht ihr nichts aus! Ein sanftes, anh\u00e4ngliches H\u00fcndchen &nbsp;mit einem wundersch\u00f6nen Fell, einfach zum Verlieben! \ud83c\udf38 Magic Kalligino A Charming [&hellip;]<\/p>\n","protected":false},"author":1,"featured_media":0,"parent":0,"menu_order":0,"comment_status":"closed","ping_status":"closed","template":"","meta":{"_kadence_starter_templates_imported_post":false,"footnotes":""},"class_list":["post-332","page","type-page","status-publish","hentry"],"_links":{"self":[{"href":"https:\/\/magickalligino.com\/index.php?rest_route=\/wp\/v2\/pages\/332","targetHints":{"allow":["GET"]}}],"collection":[{"href":"https:\/\/magickalligino.com\/index.php?rest_route=\/wp\/v2\/pages"}],"about":[{"href":"https:\/\/magickalligino.com\/index.php?rest_route=\/wp\/v2\/types\/page"}],"author":[{"embeddable":true,"href":"https:\/\/magickalligino.com\/index.php?rest_route=\/wp\/v2\/users\/1"}],"replies":[{"embeddable":true,"href":"https:\/\/magickalligino.com\/index.php?rest_route=%2Fwp%2Fv2%2Fcomments&post=332"}],"version-history":[{"count":16,"href":"https:\/\/magickalligino.com\/index.php?rest_route=\/wp\/v2\/pages\/332\/revisions"}],"predecessor-version":[{"id":507,"href":"https:\/\/magickalligino.com\/index.php?rest_route=\/wp\/v2\/pages\/332\/revisions\/507"}],"wp:attachment":[{"href":"https:\/\/magickalligino.com\/index.php?rest_route=%2Fwp%2Fv2%2Fmedia&parent=332"}],"curies":[{"name":"wp","href":"https:\/\/api.w.org\/{rel}","templated":true}]}}