{"id":28,"date":"2022-01-02T15:49:39","date_gmt":"2022-01-02T15:49:39","guid":{"rendered":"http:\/\/magickalligino.com\/?page_id=28"},"modified":"2026-05-05T20:48:51","modified_gmt":"2026-05-05T20:48:51","slug":"puppys","status":"publish","type":"page","link":"https:\/\/magickalligino.com\/?page_id=28","title":{"rendered":"Welpen"},"content":{"rendered":"\n<p class=\"has-text-align-center has-medium-font-size\"><br><br><br><img loading=\"lazy\" decoding=\"async\" width=\"200\" height=\"200\" class=\"wp-image-325\" style=\"width: 200px;\" src=\"https:\/\/magickalligino.com\/wp-content\/uploads\/2025\/03\/fc8fb138-1637-456f-b9b6-726a684ac174.jpg\" alt=\"\" srcset=\"https:\/\/magickalligino.com\/wp-content\/uploads\/2025\/03\/fc8fb138-1637-456f-b9b6-726a684ac174.jpg 1288w, https:\/\/magickalligino.com\/wp-content\/uploads\/2025\/03\/fc8fb138-1637-456f-b9b6-726a684ac174-300x300.jpg 300w, https:\/\/magickalligino.com\/wp-content\/uploads\/2025\/03\/fc8fb138-1637-456f-b9b6-726a684ac174-1024x1024.jpg 1024w, https:\/\/magickalligino.com\/wp-content\/uploads\/2025\/03\/fc8fb138-1637-456f-b9b6-726a684ac174-150x150.jpg 150w, https:\/\/magickalligino.com\/wp-content\/uploads\/2025\/03\/fc8fb138-1637-456f-b9b6-726a684ac174-768x768.jpg 768w, https:\/\/magickalligino.com\/wp-content\/uploads\/2025\/03\/fc8fb138-1637-456f-b9b6-726a684ac174-1200x1200.jpg 1200w\" sizes=\"auto, (max-width: 200px) 100vw, 200px\" \/><br><br><br><sup>Lieber Welpeninteressent,<\/sup><br><br>Manchmal beginnen gro\u00dfe Abenteuer ganz klein&#8230; \ud83d\udc3e<\/p>\n\n\n\n<p class=\"has-text-align-center has-black-color has-text-color has-link-color has-small-font-size wp-elements-05a2214716e4c321a31c1b1bfbc5f963\">Unsere Amy hat am 11\/12 April 6 Wundersch\u00f6ne Welpen bekommen.<br>Es sind 2 H\u00fcndinnen und 4 R\u00fcden.<br><br>1 Schwarz mit Loh R\u00fcde ist noch frei.<br><br><br>Der n\u00e4chste Wurf English Cocker Spaniels mit Unsere Benthe ist in liebevoller Planung f\u00fcr Fr\u00fchjahr\/Sommer 2027<br>Haben Sie bitte Verst\u00e4ndnis daf\u00fcr das der Natur bestimmt und wir darauf kein Einfluss haben.<\/p>\n\n\n\n<p class=\"has-text-align-center has-black-color has-text-color has-link-color has-small-font-size wp-elements-c791145d4cb8936ed39deed030cb748d\">\ud83c\udf38\ud83c\udf38\ud83c\udf38\ud83c\udf38\ud83c\udf38\ud83c\udf38\ud83c\udf38\ud83c\udf38\ud83c\udf38\ud83c\udf38\ud83c\udf38\ud83c\udf38\ud83c\udf38\ud83c\udf38\ud83c\udf38<\/p>\n\n\n\n<p class=\"has-text-align-center has-medium-font-size\"><sup>Wir freuen uns, dass Sie Interesse an einem &#8220;Magic Kalligino&#8221;-Welpen haben. <\/sup><br><sup>Unsere Welpen wachsen in unserem Haus auf und lernen dadurch den Alltag von Anfang an gut kennen. Die Wurfkiste steht im Wohnzimmer, und die Welpen bleiben dort, bis sie zu ihren neuen Familien ziehen.<\/sup><\/p>\n\n\n\n<p class=\"has-text-align-center has-medium-font-size\"><sup>Sie kennen die Ger\u00e4usche von Fernseher, Radio, Staubsauger und allem, was im t\u00e4glichen Leben passiert. Wenn sie etwas \u00e4lter sind, haben sie auch Kontakt zu unseren anderen Hunden, die mit uns im Haushalt leben. Im Garten leben unsere H\u00fchner und 3 Schafen die die kleinen bestimmt auch interessant finden. <\/sup><br><sup>Auch lernen Sie unsere 3 Hof Katzen kennen.<\/sup> <\/p>\n\n\n\n<p class=\"has-text-align-center has-medium-font-size\"><sup>Wenn die Welpen drei Wochen alt sind, d\u00fcrfen sie ihren ersten Besuch empfangen.<\/sup><\/p>\n\n\n\n<p class=\"has-text-align-center has-medium-font-size\"><sup>Sind Sie auf der Suche nach einem h\u00fcbschen Englischen Cocker Spaniel und sind Sie sich 100 % sicher, dass Sie einem Welpen ein liebevolles Zuhause bieten k\u00f6nnen? Dann melden Sie sich gerne bei uns.<\/sup><\/p>\n\n\n<div class=\"wp-block-image\">\n<figure class=\"aligncenter size-large is-resized\"><img loading=\"lazy\" decoding=\"async\" width=\"1024\" height=\"1024\" src=\"https:\/\/magickalligino.com\/wp-content\/uploads\/2025\/01\/Photoroom_20250104_231659-1024x1024.png\" alt=\"\" class=\"wp-image-300\" style=\"width:256px;height:auto\" srcset=\"https:\/\/magickalligino.com\/wp-content\/uploads\/2025\/01\/Photoroom_20250104_231659-1024x1024.png 1024w, https:\/\/magickalligino.com\/wp-content\/uploads\/2025\/01\/Photoroom_20250104_231659-300x300.png 300w, https:\/\/magickalligino.com\/wp-content\/uploads\/2025\/01\/Photoroom_20250104_231659-150x150.png 150w, https:\/\/magickalligino.com\/wp-content\/uploads\/2025\/01\/Photoroom_20250104_231659-768x768.png 768w, https:\/\/magickalligino.com\/wp-content\/uploads\/2025\/01\/Photoroom_20250104_231659-1200x1200.png 1200w, https:\/\/magickalligino.com\/wp-content\/uploads\/2025\/01\/Photoroom_20250104_231659.png 1512w\" sizes=\"auto, (max-width: 1024px) 100vw, 1024px\" \/><\/figure>\n<\/div>\n\n\n<p>Ein paar Schnappsch\u00fcsse von unserem A-Wurf.<\/p>\n\n\n\n<figure class=\"wp-block-gallery has-nested-images columns-default is-cropped wp-block-gallery-1 is-layout-flex wp-block-gallery-is-layout-flex\">\n<figure class=\"wp-block-image size-large\"><img loading=\"lazy\" decoding=\"async\" width=\"1024\" height=\"768\" data-id=\"313\" src=\"https:\/\/magickalligino.com\/wp-content\/uploads\/2025\/01\/IMG_1807-1024x768.jpeg\" alt=\"\" class=\"wp-image-313\" srcset=\"https:\/\/magickalligino.com\/wp-content\/uploads\/2025\/01\/IMG_1807-1024x768.jpeg 1024w, https:\/\/magickalligino.com\/wp-content\/uploads\/2025\/01\/IMG_1807-300x225.jpeg 300w, https:\/\/magickalligino.com\/wp-content\/uploads\/2025\/01\/IMG_1807-768x576.jpeg 768w, https:\/\/magickalligino.com\/wp-content\/uploads\/2025\/01\/IMG_1807-1536x1152.jpeg 1536w, https:\/\/magickalligino.com\/wp-content\/uploads\/2025\/01\/IMG_1807-2048x1536.jpeg 2048w, https:\/\/magickalligino.com\/wp-content\/uploads\/2025\/01\/IMG_1807-1200x900.jpeg 1200w\" sizes=\"auto, (max-width: 1024px) 100vw, 1024px\" \/><\/figure>\n\n\n\n<figure class=\"wp-block-image size-large\"><img loading=\"lazy\" decoding=\"async\" width=\"768\" height=\"1024\" data-id=\"314\" src=\"https:\/\/magickalligino.com\/wp-content\/uploads\/2025\/01\/IMG_1780-1-768x1024.jpeg\" alt=\"\" class=\"wp-image-314\" srcset=\"https:\/\/magickalligino.com\/wp-content\/uploads\/2025\/01\/IMG_1780-1-768x1024.jpeg 768w, https:\/\/magickalligino.com\/wp-content\/uploads\/2025\/01\/IMG_1780-1-225x300.jpeg 225w, https:\/\/magickalligino.com\/wp-content\/uploads\/2025\/01\/IMG_1780-1-1152x1536.jpeg 1152w, https:\/\/magickalligino.com\/wp-content\/uploads\/2025\/01\/IMG_1780-1-1536x2048.jpeg 1536w, https:\/\/magickalligino.com\/wp-content\/uploads\/2025\/01\/IMG_1780-1-1200x1600.jpeg 1200w, https:\/\/magickalligino.com\/wp-content\/uploads\/2025\/01\/IMG_1780-1-scaled.jpeg 1920w\" sizes=\"auto, (max-width: 768px) 100vw, 768px\" \/><\/figure>\n\n\n\n<figure class=\"wp-block-image size-large\"><img loading=\"lazy\" decoding=\"async\" width=\"1024\" height=\"768\" data-id=\"315\" src=\"https:\/\/magickalligino.com\/wp-content\/uploads\/2025\/01\/IMG_1770-1024x768.jpeg\" alt=\"\" class=\"wp-image-315\" srcset=\"https:\/\/magickalligino.com\/wp-content\/uploads\/2025\/01\/IMG_1770-1024x768.jpeg 1024w, https:\/\/magickalligino.com\/wp-content\/uploads\/2025\/01\/IMG_1770-300x225.jpeg 300w, https:\/\/magickalligino.com\/wp-content\/uploads\/2025\/01\/IMG_1770-768x576.jpeg 768w, https:\/\/magickalligino.com\/wp-content\/uploads\/2025\/01\/IMG_1770-1536x1152.jpeg 1536w, https:\/\/magickalligino.com\/wp-content\/uploads\/2025\/01\/IMG_1770-2048x1536.jpeg 2048w, https:\/\/magickalligino.com\/wp-content\/uploads\/2025\/01\/IMG_1770-1200x900.jpeg 1200w\" sizes=\"auto, (max-width: 1024px) 100vw, 1024px\" \/><\/figure>\n<\/figure>\n\n\n\n<p><\/p>\n","protected":false},"excerpt":{"rendered":"<p>Lieber Welpeninteressent, Manchmal beginnen gro\u00dfe Abenteuer ganz klein&#8230; \ud83d\udc3e Unsere Amy hat am 11\/12 April 6 Wundersch\u00f6ne Welpen bekommen.Es sind 2 H\u00fcndinnen und 4 R\u00fcden. 1 Schwarz mit Loh R\u00fcde ist noch frei. Der n\u00e4chste Wurf English Cocker Spaniels mit Unsere Benthe ist in liebevoller Planung f\u00fcr Fr\u00fchjahr\/Sommer 2027Haben Sie bitte Verst\u00e4ndnis daf\u00fcr das der [&hellip;]<\/p>\n","protected":false},"author":1,"featured_media":0,"parent":0,"menu_order":0,"comment_status":"closed","ping_status":"closed","template":"","meta":{"_kadence_starter_templates_imported_post":false,"footnotes":""},"class_list":["post-28","page","type-page","status-publish","hentry"],"_links":{"self":[{"href":"https:\/\/magickalligino.com\/index.php?rest_route=\/wp\/v2\/pages\/28","targetHints":{"allow":["GET"]}}],"collection":[{"href":"https:\/\/magickalligino.com\/index.php?rest_route=\/wp\/v2\/pages"}],"about":[{"href":"https:\/\/magickalligino.com\/index.php?rest_route=\/wp\/v2\/types\/page"}],"author":[{"embeddable":true,"href":"https:\/\/magickalligino.com\/index.php?rest_route=\/wp\/v2\/users\/1"}],"replies":[{"embeddable":true,"href":"https:\/\/magickalligino.com\/index.php?rest_route=%2Fwp%2Fv2%2Fcomments&post=28"}],"version-history":[{"count":29,"href":"https:\/\/magickalligino.com\/index.php?rest_route=\/wp\/v2\/pages\/28\/revisions"}],"predecessor-version":[{"id":512,"href":"https:\/\/magickalligino.com\/index.php?rest_route=\/wp\/v2\/pages\/28\/revisions\/512"}],"wp:attachment":[{"href":"https:\/\/magickalligino.com\/index.php?rest_route=%2Fwp%2Fv2%2Fmedia&parent=28"}],"curies":[{"name":"wp","href":"https:\/\/api.w.org\/{rel}","templated":true}]}}